{"id":2,"date":"2023-07-12T14:07:32","date_gmt":"2023-07-12T17:07:32","guid":{"rendered":"https:\/\/crecheescolasanpietro.com.br\/?page_id=2"},"modified":"2024-01-11T11:17:09","modified_gmt":"2024-01-11T14:17:09","slug":"quem-somos","status":"publish","type":"page","link":"https:\/\/crecheescolasanpietro.com.br\/index.php\/quem-somos\/","title":{"rendered":"Quem Somos"},"content":{"rendered":"\t\t<div data-elementor-type=\"wp-page\" data-elementor-id=\"2\" class=\"elementor elementor-2\">\n\t\t\t\t\t\t<section class=\"elementor-section elementor-top-section elementor-element elementor-element-45376304 elementor-section-boxed elementor-section-height-default elementor-section-height-default\" data-id=\"45376304\" data-element_type=\"section\" data-e-type=\"section\">\n\t\t\t\t\t\t<div class=\"elementor-container elementor-column-gap-default\">\n\t\t\t\t\t<div class=\"elementor-column elementor-col-100 elementor-top-column elementor-element elementor-element-219f1e\" data-id=\"219f1e\" data-element_type=\"column\" data-e-type=\"column\">\n\t\t\t<div class=\"elementor-widget-wrap elementor-element-populated\">\n\t\t\t\t\t\t<div class=\"elementor-element elementor-element-326bec02 elementor-widget elementor-widget-text-editor\" data-id=\"326bec02\" data-element_type=\"widget\" data-e-type=\"widget\" data-widget_type=\"text-editor.default\">\n\t\t\t\t<div class=\"elementor-widget-container\">\n\t\t\t\t\t\t\t\t\t\n<p>A Creche Escola San Pietro se encontra no bairro da Aboli\u00e7\u00e3o, na Zona Norte do Rio de Janeiro. Estamos localizados em uma vizinhan\u00e7a comercial e residencial. Pensamos que nossas pr\u00e1ticas devem refletir as viv\u00eancias das fam\u00edlias dessa regi\u00e3o, sem esquecer que estamos nos relacionando com um bairro que possui costumes, h\u00e1bitos e tradi\u00e7\u00f5es, com os quais devemos dialogar.<\/p>\n<p><br \/>A partir de um olhar amplo sobre as diversas perspectivas da educa\u00e7\u00e3o infantil, a Creche Escola San Pietro defende que a inf\u00e2ncia, bem como o desenvolvimento inerente \u00e0 ela, devem ser aproveitados e potencializados a partir da promo\u00e7\u00e3o de linguagens e atividades diferenciadas onde o foco seja o desenvolvimento integral de seus alunos. Aprender \u00e9 sempre um grande desafio, conquistado na medida da nossa busca por novas descobertas. Acreditamos que, na vida escolar, \u00e9 preciso possibilitar \u00e0 crian\u00e7a esses desafios, promovendo sua busca por novas respostas e reflex\u00f5es sobre a sua realidade em diversos n\u00edveis: fam\u00edlia, tempo, gostos, rela\u00e7\u00f5es, sentimentos\u00a0e\u00a0a\u00e7\u00f5es.<\/p>\n\t\t\t\t\t\t\t\t<\/div>\n\t\t\t\t<\/div>\n\t\t\t\t\t<\/div>\n\t\t<\/div>\n\t\t\t\t\t<\/div>\n\t\t<\/section>\n\t\t\t\t<\/div>\n\t\t","protected":false},"excerpt":{"rendered":"<p>A Creche Escola San Pietro se encontra no bairro da Aboli\u00e7\u00e3o, na Zona Norte do Rio de Janeiro. Estamos localizados em uma vizinhan\u00e7a comercial e residencial. Pensamos que nossas pr\u00e1ticas devem refletir as viv\u00eancias das fam\u00edlias dessa regi\u00e3o, sem esquecer que estamos nos relacionando com um bairro que possui costumes, h\u00e1bitos e tradi\u00e7\u00f5es, com os&hellip;<\/p>\n","protected":false},"author":1,"featured_media":401,"parent":0,"menu_order":0,"comment_status":"closed","ping_status":"open","template":"","meta":{"footnotes":""},"class_list":["post-2","page","type-page","status-publish","has-post-thumbnail","hentry"],"yoast_head":"<!-- This site is optimized with the Yoast SEO plugin v27.4 - https:\/\/yoast.com\/product\/yoast-seo-wordpress\/ -->\n<title>Quem Somos - Creche Escola San Pietro<\/title>\n<meta name=\"description\" content=\"A Creche Escola San Pietro se encontra no bairro da Aboli\u00e7\u00e3o, na Zona Norte do Rio de Janeiro. Estamos localizados em uma vizinhan\u00e7a comercial e residencial. Pensamos que nossas pr\u00e1ticas devem refletir as viv\u00eancias das fam\u00edlias dessa regi\u00e3o, sem esquecer que estamos nos relacionando com um bairro que possui costumes, h\u00e1bitos e tradi\u00e7\u00f5es, com os quais devemos dialogar.\" \/>\n<meta name=\"robots\" content=\"index, follow, max-snippet:-1, max-image-preview:large, max-video-preview:-1\" \/>\n<link rel=\"canonical\" href=\"https:\/\/crecheescolasanpietro.com.br\/index.php\/quem-somos\/\" \/>\n<meta property=\"og:locale\" content=\"en_US\" \/>\n<meta property=\"og:type\" content=\"article\" \/>\n<meta property=\"og:title\" content=\"Quem Somos - Creche Escola San Pietro\" \/>\n<meta property=\"og:description\" content=\"A Creche Escola San Pietro se encontra no bairro da Aboli\u00e7\u00e3o, na Zona Norte do Rio de Janeiro. Estamos localizados em uma vizinhan\u00e7a comercial e residencial. Pensamos que nossas pr\u00e1ticas devem refletir as viv\u00eancias das fam\u00edlias dessa regi\u00e3o, sem esquecer que estamos nos relacionando com um bairro que possui costumes, h\u00e1bitos e tradi\u00e7\u00f5es, com os quais devemos dialogar.\" \/>\n<meta property=\"og:url\" content=\"https:\/\/crecheescolasanpietro.com.br\/index.php\/quem-somos\/\" \/>\n<meta property=\"og:site_name\" content=\"Creche Escola San Pietro\" \/>\n<meta property=\"article:modified_time\" content=\"2024-01-11T14:17:09+00:00\" \/>\n<meta property=\"og:image\" content=\"https:\/\/crecheescolasanpietro.com.br\/wp-content\/uploads\/2023\/11\/Logo-sem-fundo.png\" \/>\n\t<meta property=\"og:image:width\" content=\"1080\" \/>\n\t<meta property=\"og:image:height\" content=\"559\" \/>\n\t<meta property=\"og:image:type\" content=\"image\/png\" \/>\n<meta name=\"twitter:card\" content=\"summary_large_image\" \/>\n<meta name=\"twitter:label1\" content=\"Est. reading time\" \/>\n\t<meta name=\"twitter:data1\" content=\"1 minute\" \/>\n<script type=\"application\/ld+json\" class=\"yoast-schema-graph\">{\"@context\":\"https:\\\/\\\/schema.org\",\"@graph\":[{\"@type\":\"WebPage\",\"@id\":\"https:\\\/\\\/crecheescolasanpietro.com.br\\\/index.php\\\/quem-somos\\\/\",\"url\":\"https:\\\/\\\/crecheescolasanpietro.com.br\\\/index.php\\\/quem-somos\\\/\",\"name\":\"Quem Somos - Creche Escola San Pietro\",\"isPartOf\":{\"@id\":\"https:\\\/\\\/crecheescolasanpietro.com.br\\\/#website\"},\"primaryImageOfPage\":{\"@id\":\"https:\\\/\\\/crecheescolasanpietro.com.br\\\/index.php\\\/quem-somos\\\/#primaryimage\"},\"image\":{\"@id\":\"https:\\\/\\\/crecheescolasanpietro.com.br\\\/index.php\\\/quem-somos\\\/#primaryimage\"},\"thumbnailUrl\":\"https:\\\/\\\/crecheescolasanpietro.com.br\\\/wp-content\\\/uploads\\\/2023\\\/11\\\/Logo-sem-fundo-e1738197077961.png\",\"datePublished\":\"2023-07-12T17:07:32+00:00\",\"dateModified\":\"2024-01-11T14:17:09+00:00\",\"description\":\"A Creche Escola San Pietro se encontra no bairro da Aboli\u00e7\u00e3o, na Zona Norte do Rio de Janeiro. Estamos localizados em uma vizinhan\u00e7a comercial e residencial. Pensamos que nossas pr\u00e1ticas devem refletir as viv\u00eancias das fam\u00edlias dessa regi\u00e3o, sem esquecer que estamos nos relacionando com um bairro que possui costumes, h\u00e1bitos e tradi\u00e7\u00f5es, com os quais devemos dialogar.\",\"breadcrumb\":{\"@id\":\"https:\\\/\\\/crecheescolasanpietro.com.br\\\/index.php\\\/quem-somos\\\/#breadcrumb\"},\"inLanguage\":\"en-US\",\"potentialAction\":[{\"@type\":\"ReadAction\",\"target\":[\"https:\\\/\\\/crecheescolasanpietro.com.br\\\/index.php\\\/quem-somos\\\/\"]}]},{\"@type\":\"ImageObject\",\"inLanguage\":\"en-US\",\"@id\":\"https:\\\/\\\/crecheescolasanpietro.com.br\\\/index.php\\\/quem-somos\\\/#primaryimage\",\"url\":\"https:\\\/\\\/crecheescolasanpietro.com.br\\\/wp-content\\\/uploads\\\/2023\\\/11\\\/Logo-sem-fundo-e1738197077961.png\",\"contentUrl\":\"https:\\\/\\\/crecheescolasanpietro.com.br\\\/wp-content\\\/uploads\\\/2023\\\/11\\\/Logo-sem-fundo-e1738197077961.png\",\"width\":512,\"height\":265},{\"@type\":\"BreadcrumbList\",\"@id\":\"https:\\\/\\\/crecheescolasanpietro.com.br\\\/index.php\\\/quem-somos\\\/#breadcrumb\",\"itemListElement\":[{\"@type\":\"ListItem\",\"position\":1,\"name\":\"In\u00edcio\",\"item\":\"https:\\\/\\\/crecheescolasanpietro.com.br\\\/\"},{\"@type\":\"ListItem\",\"position\":2,\"name\":\"Quem Somos\"}]},{\"@type\":\"WebSite\",\"@id\":\"https:\\\/\\\/crecheescolasanpietro.com.br\\\/#website\",\"url\":\"https:\\\/\\\/crecheescolasanpietro.com.br\\\/\",\"name\":\"Creche Escola San Pietro\",\"description\":\"\",\"publisher\":{\"@id\":\"https:\\\/\\\/crecheescolasanpietro.com.br\\\/#organization\"},\"potentialAction\":[{\"@type\":\"SearchAction\",\"target\":{\"@type\":\"EntryPoint\",\"urlTemplate\":\"https:\\\/\\\/crecheescolasanpietro.com.br\\\/?s={search_term_string}\"},\"query-input\":{\"@type\":\"PropertyValueSpecification\",\"valueRequired\":true,\"valueName\":\"search_term_string\"}}],\"inLanguage\":\"en-US\"},{\"@type\":\"Organization\",\"@id\":\"https:\\\/\\\/crecheescolasanpietro.com.br\\\/#organization\",\"name\":\"Creche Escola San Pietro\",\"url\":\"https:\\\/\\\/crecheescolasanpietro.com.br\\\/\",\"logo\":{\"@type\":\"ImageObject\",\"inLanguage\":\"en-US\",\"@id\":\"https:\\\/\\\/crecheescolasanpietro.com.br\\\/#\\\/schema\\\/logo\\\/image\\\/\",\"url\":\"https:\\\/\\\/crecheescolasanpietro.com.br\\\/wp-content\\\/uploads\\\/2023\\\/11\\\/Logo-sem-fundo-e1738197077961.png\",\"contentUrl\":\"https:\\\/\\\/crecheescolasanpietro.com.br\\\/wp-content\\\/uploads\\\/2023\\\/11\\\/Logo-sem-fundo-e1738197077961.png\",\"width\":512,\"height\":265,\"caption\":\"Creche Escola San Pietro\"},\"image\":{\"@id\":\"https:\\\/\\\/crecheescolasanpietro.com.br\\\/#\\\/schema\\\/logo\\\/image\\\/\"}}]}<\/script>\n<!-- \/ Yoast SEO plugin. -->","yoast_head_json":{"title":"Quem Somos - Creche Escola San Pietro","description":"A Creche Escola San Pietro se encontra no bairro da Aboli\u00e7\u00e3o, na Zona Norte do Rio de Janeiro. Estamos localizados em uma vizinhan\u00e7a comercial e residencial. Pensamos que nossas pr\u00e1ticas devem refletir as viv\u00eancias das fam\u00edlias dessa regi\u00e3o, sem esquecer que estamos nos relacionando com um bairro que possui costumes, h\u00e1bitos e tradi\u00e7\u00f5es, com os quais devemos dialogar.","robots":{"index":"index","follow":"follow","max-snippet":"max-snippet:-1","max-image-preview":"max-image-preview:large","max-video-preview":"max-video-preview:-1"},"canonical":"https:\/\/crecheescolasanpietro.com.br\/index.php\/quem-somos\/","og_locale":"en_US","og_type":"article","og_title":"Quem Somos - Creche Escola San Pietro","og_description":"A Creche Escola San Pietro se encontra no bairro da Aboli\u00e7\u00e3o, na Zona Norte do Rio de Janeiro. Estamos localizados em uma vizinhan\u00e7a comercial e residencial. Pensamos que nossas pr\u00e1ticas devem refletir as viv\u00eancias das fam\u00edlias dessa regi\u00e3o, sem esquecer que estamos nos relacionando com um bairro que possui costumes, h\u00e1bitos e tradi\u00e7\u00f5es, com os quais devemos dialogar.","og_url":"https:\/\/crecheescolasanpietro.com.br\/index.php\/quem-somos\/","og_site_name":"Creche Escola San Pietro","article_modified_time":"2024-01-11T14:17:09+00:00","og_image":[{"width":1080,"height":559,"url":"https:\/\/crecheescolasanpietro.com.br\/wp-content\/uploads\/2023\/11\/Logo-sem-fundo.png","type":"image\/png"}],"twitter_card":"summary_large_image","twitter_misc":{"Est. reading time":"1 minute"},"schema":{"@context":"https:\/\/schema.org","@graph":[{"@type":"WebPage","@id":"https:\/\/crecheescolasanpietro.com.br\/index.php\/quem-somos\/","url":"https:\/\/crecheescolasanpietro.com.br\/index.php\/quem-somos\/","name":"Quem Somos - Creche Escola San Pietro","isPartOf":{"@id":"https:\/\/crecheescolasanpietro.com.br\/#website"},"primaryImageOfPage":{"@id":"https:\/\/crecheescolasanpietro.com.br\/index.php\/quem-somos\/#primaryimage"},"image":{"@id":"https:\/\/crecheescolasanpietro.com.br\/index.php\/quem-somos\/#primaryimage"},"thumbnailUrl":"https:\/\/crecheescolasanpietro.com.br\/wp-content\/uploads\/2023\/11\/Logo-sem-fundo-e1738197077961.png","datePublished":"2023-07-12T17:07:32+00:00","dateModified":"2024-01-11T14:17:09+00:00","description":"A Creche Escola San Pietro se encontra no bairro da Aboli\u00e7\u00e3o, na Zona Norte do Rio de Janeiro. Estamos localizados em uma vizinhan\u00e7a comercial e residencial. Pensamos que nossas pr\u00e1ticas devem refletir as viv\u00eancias das fam\u00edlias dessa regi\u00e3o, sem esquecer que estamos nos relacionando com um bairro que possui costumes, h\u00e1bitos e tradi\u00e7\u00f5es, com os quais devemos dialogar.","breadcrumb":{"@id":"https:\/\/crecheescolasanpietro.com.br\/index.php\/quem-somos\/#breadcrumb"},"inLanguage":"en-US","potentialAction":[{"@type":"ReadAction","target":["https:\/\/crecheescolasanpietro.com.br\/index.php\/quem-somos\/"]}]},{"@type":"ImageObject","inLanguage":"en-US","@id":"https:\/\/crecheescolasanpietro.com.br\/index.php\/quem-somos\/#primaryimage","url":"https:\/\/crecheescolasanpietro.com.br\/wp-content\/uploads\/2023\/11\/Logo-sem-fundo-e1738197077961.png","contentUrl":"https:\/\/crecheescolasanpietro.com.br\/wp-content\/uploads\/2023\/11\/Logo-sem-fundo-e1738197077961.png","width":512,"height":265},{"@type":"BreadcrumbList","@id":"https:\/\/crecheescolasanpietro.com.br\/index.php\/quem-somos\/#breadcrumb","itemListElement":[{"@type":"ListItem","position":1,"name":"In\u00edcio","item":"https:\/\/crecheescolasanpietro.com.br\/"},{"@type":"ListItem","position":2,"name":"Quem Somos"}]},{"@type":"WebSite","@id":"https:\/\/crecheescolasanpietro.com.br\/#website","url":"https:\/\/crecheescolasanpietro.com.br\/","name":"Creche Escola San Pietro","description":"","publisher":{"@id":"https:\/\/crecheescolasanpietro.com.br\/#organization"},"potentialAction":[{"@type":"SearchAction","target":{"@type":"EntryPoint","urlTemplate":"https:\/\/crecheescolasanpietro.com.br\/?s={search_term_string}"},"query-input":{"@type":"PropertyValueSpecification","valueRequired":true,"valueName":"search_term_string"}}],"inLanguage":"en-US"},{"@type":"Organization","@id":"https:\/\/crecheescolasanpietro.com.br\/#organization","name":"Creche Escola San Pietro","url":"https:\/\/crecheescolasanpietro.com.br\/","logo":{"@type":"ImageObject","inLanguage":"en-US","@id":"https:\/\/crecheescolasanpietro.com.br\/#\/schema\/logo\/image\/","url":"https:\/\/crecheescolasanpietro.com.br\/wp-content\/uploads\/2023\/11\/Logo-sem-fundo-e1738197077961.png","contentUrl":"https:\/\/crecheescolasanpietro.com.br\/wp-content\/uploads\/2023\/11\/Logo-sem-fundo-e1738197077961.png","width":512,"height":265,"caption":"Creche Escola San Pietro"},"image":{"@id":"https:\/\/crecheescolasanpietro.com.br\/#\/schema\/logo\/image\/"}}]}},"_links":{"self":[{"href":"https:\/\/crecheescolasanpietro.com.br\/index.php\/wp-json\/wp\/v2\/pages\/2","targetHints":{"allow":["GET"]}}],"collection":[{"href":"https:\/\/crecheescolasanpietro.com.br\/index.php\/wp-json\/wp\/v2\/pages"}],"about":[{"href":"https:\/\/crecheescolasanpietro.com.br\/index.php\/wp-json\/wp\/v2\/types\/page"}],"author":[{"embeddable":true,"href":"https:\/\/crecheescolasanpietro.com.br\/index.php\/wp-json\/wp\/v2\/users\/1"}],"replies":[{"embeddable":true,"href":"https:\/\/crecheescolasanpietro.com.br\/index.php\/wp-json\/wp\/v2\/comments?post=2"}],"version-history":[{"count":8,"href":"https:\/\/crecheescolasanpietro.com.br\/index.php\/wp-json\/wp\/v2\/pages\/2\/revisions"}],"predecessor-version":[{"id":473,"href":"https:\/\/crecheescolasanpietro.com.br\/index.php\/wp-json\/wp\/v2\/pages\/2\/revisions\/473"}],"wp:featuredmedia":[{"embeddable":true,"href":"https:\/\/crecheescolasanpietro.com.br\/index.php\/wp-json\/wp\/v2\/media\/401"}],"wp:attachment":[{"href":"https:\/\/crecheescolasanpietro.com.br\/index.php\/wp-json\/wp\/v2\/media?parent=2"}],"curies":[{"name":"wp","href":"https:\/\/api.w.org\/{rel}","templated":true}]}}